4. Let g(x) = 8*x + 3. Give g(h).
27
Suppose -3*x = -1566*d + 1569*d + 6, -x + 13 = -4*d. Let f(o) = 2*o**3 + 3*o**2 + o + 3. Calculate f(d).
-27
Let w(x) = -2 - 6*x**2 + 7*x**2 + 8*x + 3. Let h(o) = 2*o**2 + 22*o + 12. Suppose 0 = -11*f + 8*f - 30. Let b be h(f). Calculate w(b).
1
Suppose -2*m - 30 = -36. Suppose b + 9 = 2*c, 2*b - 12 = -m*c + 3*b. Let r(h) = h**2 - h - 2. Give r(c).
4
Let c = 4 + -8. Let r(u) = 5*u - 32. Let a(n) = -4*n + 22. Let p(x) = -7*a(x) - 5*r(x). Calculate p(c).
-6
Let j(y) = y**2 + y - 4. Let p = -110 + 189. Let z = p + -72. Suppose z*w = 13*w + 30. What is j(w)?
16
Let k(p) be the second derivative of 9*p**5/20 + p**4/12 + p**3/3 + 3*p + 35. What is k(-1)?
-10
Let c(j) = 25*j - 223. Let l = 2307 - 2298. Calculate c(l).
2
Let y(p) = -2*p + 9. Let u(w) = 18*w + 14. Let o be u(-4). Let q = -62 - o. Let a be q/18 - 130/(-18). Determine y(a).
-5
Suppose 6*u = 3*u + 138. Let a = 50 - u. Suppose 0 = -4*j + a*p - 42 + 6, 2*p + 10 = -5*j. Let w(o) = o. Calculate w(j).
-4
Let n(h) = 0*h + 4*h - 3 + h**3 + 3*h**2 - 3*h. Let y(o) = -o**2 + 9*o + 38. Let z be y(12). Suppose 2 = -z*d - 4*q, 3*q + 0 = -4*d - 9. Determine n(d).
-6
Let q(p) = 31*p + 35. Let o(w) = -35*w - 39. Let r(g) = -5*o(g) - 6*q(g). Calculate r(-6).
51
Let q be 1*7*(-4)/(-4) + -5 - -2. Let p(d) be the second derivative of 1/6*d**3 + 0 - 2*d**2 - 47*d + 1/12*d**q. Determine p(-3).
2
Suppose 12 = -4*z - 8. Let u(c) be the third derivative of -c**6/120 - c**5/12 + c**4/12 - c**3/2 - 2299*c**2. Calculate u(z).
-13
Let n(g) = -g**3 + 2*g**2 - 3*g - 1. Let v(i) = -12*i**3 + 31*i**2 - 47*i - 32. Let b(y) = 13*n(y) - v(y). What is b(-6)?
7
Let y(s) be the second derivative of s**5/20 - 7*s**4/4 + 13*s**3/6 + 149*s**2/2 - 460*s + 5. Calculate y(20).
9
Let p(s) = 1038*s - s**3 + 8 + 1034*s - 4145*s + 5*s**2 + 1040*s + 1037*s. Give p(6).
-4
Suppose 0 = s - 8, -4*q + 43*s + 12 = 42*s. Let w(i) = 2*i - 10. What is w(q)?
0
Let r(n) = 43*n - 835*n**2 + 6 + 827*n**2 + 3*n. Give r(6).
-6
Let x be (74 + -23)/17 - (-17)/(-6). Let g(u) be the second derivative of 1/20*u**5 - x*u**4 + 0 - 3/2*u**2 - 2/3*u**3 - 4*u. What is g(4)?
13
Suppose 0 = 2*y - 4, -5*u - 5*y - 30 = -0*u. Let b(a) = 163*a**3 - 77*a**3 - 10 - 85*a**3 + 7*a**2 + 3299023*a - 3299032*a. What is b(u)?
-2
Let t(z) be the third derivative of 0 - 231*z**2 + 0*z + 5/3*z**3 + 1/6*z**4 + 1/60*z**5. Calculate t(-5).
15
Let k(n) = -n**3 - n**2 - n + 1. Let a(h) = -4*h**3 - 8*h**2 - 5*h. Let v = -71 - -75. Suppose -v*g = -13*g + 27. Let w(j) = g*k(j) - a(j). Give w(-5).
-7
Let n(r) = 1620*r + r**2 + 1631*r + r**2 + 1630*r - r**3 + 6 - 4876*r. What is n(4)?
-6
Let g be -25*2/1*21/(-2). Let w(l) = 3 - 1 - l**2 + 524*l - g*l. What is w(-5)?
-18
Suppose 0 = -2*q - 10 - 0. Let b(s) be the second derivative of s**4/12 + 5*s**3/6 - 68*s. Let h be b(q). Let a(i) = -i**3 - i - 4. Give a(h).
-4
Let g(c) = -5*c**2 - 5*c + 8. Let h = 527 - 524. Let o(n) = 10*n - 2*n**2 + 0*n**2 - 12*n + 3. Let w(p) = h*g(p) - 8*o(p). Give w(0).
0
Let r(y) be the third derivative of -5*y**4/12 + y**3/2 - 264*y**2. Let n(a) = -66*a + 19. Let z(s) = -2*n(s) + 13*r(s). Let w = -13 + 7. What is z(w)?
-11
Let c(p) = 8*p**3 - 23*p**2 - 17*p. Let t(s) = -7*s**3 + 23*s**2 + 16*s. Let d(u) = -5*c(u) - 6*t(u). Determine d(12).
12
Suppose -2 = -5*i + 3. Let a(s) = -s + i + 4 - 3. Let r = -30584 + 30581. Calculate a(r).
5
Suppose -v = -16*v - 0*v - 2*v. Let d(h) = 8*h + 3. Calculate d(v).
3
Let z(l) = -12*l - 99. Suppose -114 + 842 = -91*n. Determine z(n).
-3
Let j(s) = 45*s**2 - 565*s + 66. Let k(w) = -57*w**2 + 752*w - 88. Let x(q) = 9*j(q) + 7*k(q). Give x(-30).
8
Let r(i) = -2*i**2 - 161*i - 539. Let c be r(-77). Let n(g) = -2*g**2 - 3. What is n(c)?
-3
Let a = 664 + -661. Let s(r) = -187*r + 99*r + a*r**3 - 4 - 11*r**2 - 2*r**3 + 90*r - 21. Give s(11).
-3
Let d(u) = -8*u**2 - 4*u + 116. Let a(w) = -7*w**2 - 5*w + 106. Let x(b) = 7*a(b) - 6*d(b). Give x(-14).
4
Let z(p) = 5*p + 8. Let t(w) = 13*w + 19. Let b(i) = 2*t(i) - 5*z(i). Suppose 3*q + 5*d + 3 + 10 = 0, 4*d + 7 = q. Let u = 5 + q. Give b(u).
2
Let p(c) = 125*c**2 + 5*c + 52. Let w(q) = -63*q**2 - 3*q - 29. Let g(u) = -5*p(u) - 9*w(u). What is g(-1)?
-59
Let s(j) = 250*j + 1002. Let m be s(-4). Let f(w) be the first derivative of -1/2*w**m - 2*w + 9. Determine f(2).
-4
Let m be ((-4)/6*1)/((-20)/(-210)). Let l(i) be the first derivative of i**3/3 + 3*i**2 - 7*i - 738. Give l(m).
0
Let s(q) = q**3 - 2*q**2 - 3*q - 1. Suppose 5*x - 1282 + 368 = 2*a, x - 5*a = 192. Let l = -63 + x. Let z = -116 + l. What is s(z)?
-1
Let b be (2 + 16/(-4))*-103. Suppose -3*h = -m + 319, m + 2*h - 88 = b. Let o(s) = m*s - 305*s + 4 - 2 + 4. Calculate o(9).
-3
Let o(j) = -74*j + 226. Let v(y) = 16*y**2 - 71*y + 3. Let r be v(0). Determine o(r).
4
Let i = -39309 - -39303. Let c(n) = 35*n + 180. Give c(i).
-30
Let l(m) = 2*m**2 - 65*m + 20. Let i be l(32). Let g(p) = p**3 + 13*p**2 + 8*p - 10. What is g(i)?
38
Let a = 7 + -12. Let c(f) be the third derivative of f**5/60 + 5*f**4/24 - f**3/2 + 22*f**2 + f - 6. What is c(a)?
-3
Suppose 23*r - 46 = -207. Let x(i) = -3*i**3 + 7*i**2 - 3*i - 9. Let v(k) = -k**3. Let w(c) = 4*v(c) - x(c). What is w(r)?
-12
Let v(k) = -k**3 - 12*k**2 + 2*k + 17. Let l(o) = -66*o - 276. Let u(z) = -66*z - 276. Let a(i) = 6*l(i) - 5*u(i). Let c be a(-4). Give v(c).
-7
Let m(c) = -7*c + 11. Let r(n) be the third derivative of 0 + 0*n + 1/24*n**4 - 28*n**2 + 0*n**3. Let h(v) = -m(v) - 6*r(v). Determine h(9).
-2
Let d(m) = -13*m + 21. Let k(z) = 560*z + 4488. Let p be k(-8). Give d(p).
-83
Suppose -20 = 4*n, -6*h = -4*h + 3*n - 361. Let c = 182 - h. Let a(y) = y**2 + 6*y + 3. Calculate a(c).
3
Let w(n) = n**2 - 26*n - 1582. Let k be w(55). Let p(b) = -b + 13. What is p(k)?
0
Let q be ((-6)/(-4))/((-2)/(-92)). Let t(f) = -20 - f - 19 + q - 23. Calculate t(-8).
15
Suppose -4*y + 20 = 0, 70*s - 75*s = y - 15. Let l(m) = -21*m**2 - 7*m + 9. What is l(s)?
-89
Let f(i) = -11*i**2 - 2*i + 12. Let j(t) = -2*t**2 + t + 1. Suppose 2*o - 5*w = 37, 0*o - 4*w + 4 = 4*o. Let a(d) = o*j(d) - f(d). What is a(7)?
1
Let h(f) be the first derivative of -f**4/4 + 3*f**3 + f**2 - 12*f - 2. Suppose 4*n - 20 = 5*r, 2*n + 6 - 16 = 3*r. Suppose -6*i + 7*i - 9 = r. Give h(i).
6
Suppose 5*i - 2*i = -u + 13, 3*i + 3 = 3*u. Let v(f) = 0*f**2 + 2*f**2 - 2*f - i - 2*f**2 - 431*f**3 + 432*f**3. Determine v(-2).
-7
Let f(t) be the second derivative of t**7/840 - t**5/40 - t**4/8 - t**3/2 - 3*t**2 + 2*t - 19. Let b(m) be the second derivative of f(m). Give b(-2).
-5
Let z(s) be the second derivative of s**5/4 - s**4/12 + s**3/6 + s**2/2 + 30*s. Suppose 2*a + 0*a = -4. Let g be (3 - (-10)/a) + (-2)/(-2). Give z(g).
-6
Let x(w) = w**2 - 3*w + 3. Let b be (3/9)/(-1) + (-175)/(-21). Let c(y) = y**2 + y - 67. Let a be c(b). Determine x(a).
13
Suppose 3*p = g + 29, 4*g - 54 = -5*p + 17. Let b be (p + -13)*3/2. Let o(c) be the third derivative of -c**6/120 - c**5/20 - c**4/24 - 10*c**2. Calculate o(b).
3
Let n(p) = -2*p**3 + 82*p**2 - 48*p + 10. Let t(j) = j**3 - 47*j**2 + 24*j - 5. Let b(f) = 3*n(f) + 5*t(f). Calculate b(8).
5
Let p be (189/49 + -2)/(2/14). Let v(x) = 70*x**2 - 16*x**2 - p*x**2 - 18*x**2 - 24*x**2 + 12*x + 9. Determine v(10).
29
Let n(g) = g**2 - 6*g + 1. Let b = -102 + 34. Let h = 74 + b. Give n(h).
1
Let d(n) = 2*n**2 - 2*n - 3. Let z be d(3). Let l(b) be the third derivative of -b**5/60 + 7*b**4/24 + 5*b**3/6 + 858*b**2 + 4*b. Calculate l(z).
-13
Suppose -2*k = -22 - 4. Let w = 10 - k. Let c(g) = -416*g**2 - 2 + 0*g - 2*g + g**3 + 418*g**2 - 3*g. Calculate c(w).
4
Let r(n) be the third derivative of -n**6/120 - n**5/30 + n**4/6 - 5*n**3/6 - 3*n**2. Let g be 6/(-5)*(-49)/(3969/(-270)). Give r(g).
11
Suppose -49 = -5*o - 39. Suppose 0 = o*d + 2, 2*v + 4*d + 4 = 6. Let s(n) = -5 + 2*n - v*n - 2. What is s(5)?
-12
Let v(o) be the second derivative of -3 - 7/2*o**2 - 11*o - 2/3*o**3. Determine v(-5).
13
Let b(m) = -m**2 + 5*m - 1. Let h = -45 - -48. Let t be b(h). Let o(c) = -11*c + c**2 + 2 + 4*c - 5 + t*c. What is o(-4)?
21
Let p(i) = -12*i - 16 + 6*i - 4*i - i**2 - 3*i + 5*i. Determine p(-3).
-1
Let f(n) = 4*n + 26934 - 26962 + 2*n - 5*n. What is f(20)?
-8
Let t(k) be the first derivative of 5/2*k**2 + 0*k - 51. Calculate t